{"id":506,"date":"2020-12-22T02:16:27","date_gmt":"2020-12-22T02:16:27","guid":{"rendered":"http:\/\/sw-themes.com\/porto_dummy\/cleaning-services\/?page_id=506"},"modified":"2025-07-21T12:16:14","modified_gmt":"2025-07-21T15:16:14","slug":"about","status":"publish","type":"page","link":"https:\/\/progressosaudeambientalse.com.br\/?page_id=506","title":{"rendered":"Nossa Hist\u00f3ria"},"content":{"rendered":"<p>[vc_row content_placement=&#8221;middle&#8221; wrap_container=&#8221;yes&#8221; css=&#8221;.vc_custom_1608665928688{padding-top: 50px !important;}&#8221; el_class=&#8221;align-items-center&#8221;][vc_column el_class=&#8221;mb-5 mb-lg-4&#8243; offset=&#8221;vc_col-lg-5 vc_col-md-5&#8243;][vc_separator color=&#8221;custom&#8221; border_width=&#8221;3&#8243; css_animation=&#8221;slideInLeft&#8221; style=&#8221;solid&#8221; el_class=&#8221;custom-border customLineAnimation d-inline-block mr-3 mb-1&#8243; accent_color=&#8221;#00a1cd&#8221;][vc_custom_heading text=&#8221;Sobre n\u00f3s&#8221; font_container=&#8221;tag:h4|font_size:1.2em|text_align:left|color:%2300a1cd|line_height:1.3&#8243; use_theme_fonts=&#8221;yes&#8221; text_transform=&#8221;text-uppercase&#8221; font_weight=&#8221;600&#8243; animation_delay=&#8221;1000&#8243; el_class=&#8221;mb-2 d-inline-block&#8221; animation_type=&#8221;fadeInLeft&#8221;][vc_custom_heading text=&#8221;Conhe\u00e7a melhor a<strong>Progresso Sa\u00fade Ambiental<\/strong>&#8221; font_container=&#8221;tag:h3|font_size:2.75em|text_align:left|color:%2300a1cd|line_height:1.2&#8243; use_theme_fonts=&#8221;yes&#8221; font_weight=&#8221;700&#8243; skin=&#8221;secondary&#8221; letter_spacing=&#8221;-.05em&#8221; animation_delay=&#8221;1200&#8243; el_class=&#8221;custom-heading1 mb-4&#8243; animation_type=&#8221;fadeInUp&#8221;][vc_custom_heading text=&#8221;A Progresso Sa\u00fade Ambiental surgiu em 2020 com o prop\u00f3sito de oferecer solu\u00e7\u00f5es modernas, seguras e eficientes no controle de pragas urbanas. A empresa nasceu da percep\u00e7\u00e3o de que o mercado precisava de um servi\u00e7o t\u00e9cnico, \u00e9tico e comprometido com os mais altos padr\u00f5es de qualidade.<\/p>\n<p>Desde ent\u00e3o, investimos em estrutura, capacita\u00e7\u00e3o de equipe, inova\u00e7\u00e3o tecnol\u00f3gica e no cumprimento rigoroso das exig\u00eancias legais dos \u00f3rg\u00e3os de regulamenta\u00e7\u00e3o. Nosso compromisso \u00e9 garantir ambientes mais seguros e saud\u00e1veis para nossos clientes, atuando com responsabilidade ambiental e excel\u00eancia nos processos.<\/p>\n<p>Hoje, a Progresso conta com duas unidades estrategicamente localizadas, ampliando sua atua\u00e7\u00e3o e capacidade de atendimento:<\/p>\n<p>\ud83d\udccd Feira de Santana \u2013 BA<br \/>\n\ud83d\udccd Aracaju \u2013 SE<\/p>\n<p>Com cobertura em toda a Bahia e Sergipe, seguimos firmes na miss\u00e3o de promover sa\u00fade e bem-estar por meio de servi\u00e7os especializados e uma equipe altamente capacitada.&#8221; font_container=&#8221;tag:p|text_align:left|color:%23777777|line_height:26px&#8221; use_theme_fonts=&#8221;yes&#8221; font_weight=&#8221;400&#8243; letter_spacing=&#8221;0px&#8221; animation_delay=&#8221;1600&#8243; el_class=&#8221;mb-0&#8243; animation_type=&#8221;fadeInUp&#8221;][vc_empty_space height=&#8221;30&#8243;][\/vc_column][vc_column animation_delay=&#8221;2000&#8243; el_class=&#8221;position-relative pl-sm-5 pl-lg-0 mb-lg-4&#8243; offset=&#8221;vc_col-lg-6 vc_col-md-6 vc_col-xs-10&#8243; css=&#8221;.vc_custom_1753110603975{margin-left: 8.333333% !important;padding-top: 30px !important;}&#8221; animation_type=&#8221;fadeInRight&#8221;]<div class=\"porto-ultimate-content-box-container \"><style>#porto_ucb_7730{will-change: box-shadow;box-shadow: none;}<\/style><div class=\"porto-ultimate-content-box\" style=\"\" id=\"porto_ucb_7730\">[vc_single_image image=&#8221;1112&#8243; img_size=&#8221;full&#8221; alignment=&#8221;center&#8221; animation_delay=&#8221;2200&#8243; floating_start_pos=&#8221;top&#8221; floating_speed=&#8221;9.8&#8243;]<\/div><\/div>[\/vc_column][vc_column el_class=&#8221;pb-2 mb-3 pt-2 mt-5&#8243; css=&#8221;.vc_custom_1753110998637{padding-top: 30px !important;}&#8221;][vc_custom_heading text=&#8221;O fundador&#8221; font_container=&#8221;tag:h2|font_size:2.2em|text_align:center|line_height:1.6&#8243; use_theme_fonts=&#8221;yes&#8221; font_weight=&#8221;700&#8243; skin=&#8221;secondary&#8221; animation_delay=&#8221;200&#8243; el_class=&#8221;mb-3&#8243; animation_type=&#8221;fadeInUp&#8221;][vc_custom_heading text=&#8221;Edmundo Fonseca, respons\u00e1vel legal e fundador da Progresso, natural de Cruz das Almas, com larga experi\u00eancia de mais de 26 anos no mercado de controle de pragas urbanas, j\u00e1 foi gerente de v\u00e1rias empresas no segmento nas cidades de S\u00e3o Paulo (SP), de Londrina (PR), Salvador (BA) e sequenciando nos \u00faltimos 12 anos na cidade de Feira de Santana (BA). Temos alcan\u00e7ado resultados expressivos e o reconhecimento do mercado da Bahia.&#8221; font_container=&#8221;tag:p|font_size:1.2em|text_align:center|color:%23777777|line_height:26px&#8221; use_theme_fonts=&#8221;yes&#8221; font_weight=&#8221;400&#8243; letter_spacing=&#8221;0px&#8221; animation_delay=&#8221;400&#8243; el_class=&#8221;custom-font1 mb-3&#8243; animation_type=&#8221;fadeInUp&#8221;][\/vc_column][vc_column el_class=&#8221;pb-2 mb-3&#8243;][vc_custom_heading text=&#8221;Nossa equipe&#8221; font_container=&#8221;tag:h2|font_size:2.2em|text_align:center|line_height:1.6&#8243; use_theme_fonts=&#8221;yes&#8221; font_weight=&#8221;700&#8243; skin=&#8221;secondary&#8221; animation_delay=&#8221;200&#8243; el_class=&#8221;mb-3&#8243; animation_type=&#8221;fadeInUp&#8221;][vc_custom_heading text=&#8221;Conhe\u00e7a melhor o nosso time&#8221; font_container=&#8221;tag:p|font_size:1.2em|text_align:center|color:%23777777|line_height:26px&#8221; use_theme_fonts=&#8221;yes&#8221; font_weight=&#8221;400&#8243; letter_spacing=&#8221;0px&#8221; animation_delay=&#8221;400&#8243; el_class=&#8221;custom-font1 mb-3&#8243; animation_type=&#8221;fadeInUp&#8221;][\/vc_column][vc_column el_class=&#8221;mb-5&#8243;]<div class=\"porto-recent-members wpb_content_element  custom-members owl-custom-nav mb-0\" data-appear-animation=\"fadeInUp\" data-appear-animation-delay=\"600\">\n\t\n\t\n\t<div class=\"member-carousel porto-carousel owl-carousel   nav-pos-outside nav-style-2 has-ccols ccols-1 ccols-lg-4 ccols-md-2 ccols-sm-1\" data-plugin-options=\"{&quot;themeConfig&quot;:true,&quot;nav&quot;:&quot;yes&quot;,&quot;dots&quot;:false,&quot;lg&quot;:4,&quot;md&quot;:2,&quot;sm&quot;:1,&quot;xs&quot;:1,&quot;margin&quot;:20}\">\n\t\t<div class=\"member-slide\">\n\t\t<div class=\"member-item  align-center member-item-2\">\n\t\t\t<div class=\"thumb-info thumb-info-hide-wrapper-bg thumb-info-no-zoom\">\n\n\t\t\t\t\t<div class=\"thumb-info-wrapper \">\n\t\t\t\t\t\t<div class=\"thumb-member-container\">\n\t\t\t\t\t\t\t<a class=\"text-decoration-none member-image\" href=\"https:\/\/progressosaudeambientalse.com.br\/?member=susia-santos\">\n\t\t\t\t\t\t\t\t<img loading=\"lazy\" decoding=\"async\" class=\"img-responsive\" width=\"367\" height=\"367\" src=\"https:\/\/progressosaudeambientalse.com.br\/wp-content\/uploads\/2022\/05\/thaise-367x367.png\" alt=\"\" \/>\n\t\t\t\t\t\t\t<\/a>\n\t\t\t\t\t\t\t\t\t\t\t\t\t<\/div>\n\t\t\t\t\t\t<a class=\"text-decoration-none member-info-container\" href=\"https:\/\/progressosaudeambientalse.com.br\/?member=susia-santos\">\n\t\t\t\t\t\t\t\t\t\t\t\t\t\t\t\t\t\t\t<span class=\"zoom\" data-src=\"https:\/\/progressosaudeambientalse.com.br\/wp-content\/uploads\/2022\/05\/thaise.png\" data-title=\"\"><i class=\"fas fa-search\"><\/i><\/span>\n\t\t\t\t\t\t\t\t\t\t\t\t<\/a>\n\t\t\t\t\t<\/div> <!--Thumb info wrapper end-->\n\t\t\t\t\t<a class=\"text-decoration-none member-info-container\" href=\"https:\/\/progressosaudeambientalse.com.br\/?member=susia-santos\">\n\t\t\t\t\t\t\t\t\t<h4 class=\"m-t-md m-b-none\">Thaise Correia<\/h4>\n\t\t\t\t\t\t\t\t\t\t\t<p class=\"m-b-sm color-body\">Assistente Administrativo<\/p>\n\t\t\t\t\t\t\t\t\t\t\t\t\t\t\t\t\t<\/a><!-- Global link end -->\n\n\t\t\t\t\t\t\t<div class=\"thumb-info-caption\">\n\t\t\t\t\t\t\t\t\t\t\t<div class=\"thumb-info-caption-text p-t-none\">\n\t\t\t\t\t\t\t\t\t\t\t\t<\/div>\n\t\t\t\t\t\t\t\t\t\t\t\t\t\t\t\n\t\t\t\t<\/div>\n\t\t\t\t\t\t<\/div>\n\t\t<\/div>\n\t\t<\/div><div class=\"member-slide\">\n\t\t<div class=\"member-item  align-center member-item-2\">\n\t\t\t<div class=\"thumb-info thumb-info-hide-wrapper-bg thumb-info-no-zoom\">\n\n\t\t\t\t\t<div class=\"thumb-info-wrapper \">\n\t\t\t\t\t\t<div class=\"thumb-member-container\">\n\t\t\t\t\t\t\t<a class=\"text-decoration-none member-image\" href=\"https:\/\/progressosaudeambientalse.com.br\/?member=danielle-pimentel\">\n\t\t\t\t\t\t\t\t<img loading=\"lazy\" decoding=\"async\" class=\"img-responsive\" width=\"367\" height=\"367\" src=\"https:\/\/progressosaudeambientalse.com.br\/wp-content\/uploads\/2022\/05\/WhatsApp-Image-2023-08-17-at-14.11.24-367x367.jpeg\" alt=\"\" \/>\n\t\t\t\t\t\t\t<\/a>\n\t\t\t\t\t\t\t\t\t\t\t\t\t<\/div>\n\t\t\t\t\t\t<a class=\"text-decoration-none member-info-container\" href=\"https:\/\/progressosaudeambientalse.com.br\/?member=danielle-pimentel\">\n\t\t\t\t\t\t\t\t\t\t\t\t\t\t\t\t\t\t\t<span class=\"zoom\" data-src=\"https:\/\/progressosaudeambientalse.com.br\/wp-content\/uploads\/2022\/05\/WhatsApp-Image-2023-08-17-at-14.11.24.jpeg\" data-title=\"\"><i class=\"fas fa-search\"><\/i><\/span>\n\t\t\t\t\t\t\t\t\t\t\t\t<\/a>\n\t\t\t\t\t<\/div> <!--Thumb info wrapper end-->\n\t\t\t\t\t<a class=\"text-decoration-none member-info-container\" href=\"https:\/\/progressosaudeambientalse.com.br\/?member=danielle-pimentel\">\n\t\t\t\t\t\t\t\t\t<h4 class=\"m-t-md m-b-none\">David Leone Rodrigues<\/h4>\n\t\t\t\t\t\t\t\t\t\t\t<p class=\"m-b-sm color-body\">Respons\u00e1vel operacional<\/p>\n\t\t\t\t\t\t\t\t\t\t\t\t\t\t\t\t\t<\/a><!-- Global link end -->\n\n\t\t\t\t\t\t\t<div class=\"thumb-info-caption\">\n\t\t\t\t\t\t\t\t\t\t\t<div class=\"thumb-info-caption-text p-t-none\">\n\t\t\t\t\t\t\t\t\t\t\t\t<\/div>\n\t\t\t\t\t\t\t\t\t\t\t\t\t\t\t\n\t\t\t\t<\/div>\n\t\t\t\t\t\t<\/div>\n\t\t<\/div>\n\t\t<\/div><div class=\"member-slide\">\n\t\t<div class=\"member-item  align-center member-item-2\">\n\t\t\t<div class=\"thumb-info thumb-info-hide-wrapper-bg thumb-info-no-zoom\">\n\n\t\t\t\t\t<div class=\"thumb-info-wrapper \">\n\t\t\t\t\t\t<div class=\"thumb-member-container\">\n\t\t\t\t\t\t\t<a class=\"text-decoration-none member-image\" href=\"https:\/\/progressosaudeambientalse.com.br\/?member=amanda-doe\">\n\t\t\t\t\t\t\t\t<img loading=\"lazy\" decoding=\"async\" class=\"img-responsive\" width=\"367\" height=\"367\" src=\"https:\/\/progressosaudeambientalse.com.br\/wp-content\/uploads\/2019\/05\/edmundo-367x367.jpg\" alt=\"\" \/>\n\t\t\t\t\t\t\t<\/a>\n\t\t\t\t\t\t\t\t\t\t\t\t\t<\/div>\n\t\t\t\t\t\t<a class=\"text-decoration-none member-info-container\" href=\"https:\/\/progressosaudeambientalse.com.br\/?member=amanda-doe\">\n\t\t\t\t\t\t\t\t\t\t\t\t\t\t\t\t\t\t\t<span class=\"zoom\" data-src=\"https:\/\/progressosaudeambientalse.com.br\/wp-content\/uploads\/2019\/05\/edmundo.jpg\" data-title=\"\"><i class=\"fas fa-search\"><\/i><\/span>\n\t\t\t\t\t\t\t\t\t\t\t\t<\/a>\n\t\t\t\t\t<\/div> <!--Thumb info wrapper end-->\n\t\t\t\t\t<a class=\"text-decoration-none member-info-container\" href=\"https:\/\/progressosaudeambientalse.com.br\/?member=amanda-doe\">\n\t\t\t\t\t\t\t\t\t<h4 class=\"m-t-md m-b-none\">Edmundo Ressurrei\u00e7\u00e3o<\/h4>\n\t\t\t\t\t\t\t\t\t\t\t<p class=\"m-b-sm color-body\">Respons\u00e1vel legal<\/p>\n\t\t\t\t\t\t\t\t\t\t\t\t\t\t\t\t\t<\/a><!-- Global link end -->\n\n\t\t\t\t\t\t\t<div class=\"thumb-info-caption\">\n\t\t\t\t\t\t\t\t\t\t\t<div class=\"thumb-info-caption-text p-t-none\">\n\t\t\t\t\t\t\t\t\t\t\t\t<\/div>\n\t\t\t\t\t\t\t\t\t\t\t\t\t\t\t\n\t\t\t\t<\/div>\n\t\t\t\t\t\t<\/div>\n\t\t<\/div>\n\t\t<\/div>\t<\/div>\n\n\t\n\t<\/div>[\/vc_column][\/vc_row][vc_row][vc_column][vc_custom_heading text=&#8221;Nossos parceiros&#8221; font_container=&#8221;tag:h2|font_size:2.2em|text_align:center|line_height:1.6&#8243; use_theme_fonts=&#8221;yes&#8221; font_weight=&#8221;700&#8243; skin=&#8221;secondary&#8221; animation_delay=&#8221;200&#8243; el_class=&#8221;mb-3&#8243; animation_type=&#8221;fadeInUp&#8221;][vc_images_carousel images=&#8221;1092,1093,1094,1095,1096,1097,1098,1099&#8243; img_size=&#8221;full&#8221; slides_per_view=&#8221;4&#8243; autoplay=&#8221;yes&#8221; hide_pagination_control=&#8221;yes&#8221; wrap=&#8221;yes&#8221;][\/vc_column][\/vc_row][vc_row content_placement=&#8221;middle&#8221; wrap_container=&#8221;yes&#8221; css=&#8221;.vc_custom_1608665928688{padding-top: 50px !important;}&#8221; el_class=&#8221;align-items-center&#8221;][vc_column el_class=&#8221;pb-2 mb-3 pt-2 mt-5&#8243;][vc_custom_heading text=&#8221;Nossos registros e certifica\u00e7\u00f5es&#8221; font_container=&#8221;tag:h2|font_size:2.2em|text_align:center|line_height:1.6&#8243; use_theme_fonts=&#8221;yes&#8221; font_weight=&#8221;700&#8243; skin=&#8221;secondary&#8221; animation_delay=&#8221;200&#8243; el_class=&#8221;mb-3&#8243; animation_type=&#8221;fadeInUp&#8221;][vc_column_text]- Licen\u00e7a de Funcionamento<br \/>\n&#8211; Vigil\u00e2ncia Sanit\u00e1ria<br \/>\n&#8211; Conselho Regional de Qu\u00edmica<br \/>\n&#8211; Qu\u00edmico Resp. T\u00e9cnico &#8211; Fabricio Souza Santos<br \/>\n&#8211; ART-Anota\u00e7\u00e3o de Responsabilidade T\u00e9cnica<br \/>\n&#8211; INPI-Instituto Nacional da Propriedade Industrial<br \/>\n&#8211; Licenciamento Ambiental<br \/>\n&#8211; LTCAT- Laudo T\u00e9cnico das Condi\u00e7\u00f5es Ambientais de Trabalho<br \/>\n&#8211; PCMSO-Programa de Controle M\u00e9dico de Sa\u00fade Ocupacional<br \/>\n&#8211; PGR-Programa de Gerenciamento de Risco na Seguran\u00e7a do Trabalho<br \/>\n&#8211; PGRS- Programa de Gerenciamento de Res\u00edduos S\u00f3lidos<br \/>\n&#8211; Certificado de Licen\u00e7a do Corpo de Bombeiros<br \/>\n&#8211; CLVT- Certificado de Licenciamento de Ve\u00edculo Transportador<br \/>\n&#8211; Ibama- Cadastro t\u00e9cnico federal<br \/>\n&#8211; Certificado de treinamento dos T\u00e9cnicos controladores de Pragas<br \/>\n&#8211; Certificado de treinamento dos funcion\u00e1rios NR 33 e NR 35<br \/>\n&#8211; Certifica\u00e7\u00e3o de limpeza de reservat\u00f3rios<br \/>\n&#8211; AFE (Certificado de Autoriza\u00e7\u00e3o de Funcionamento)[\/vc_column_text][\/vc_column][\/vc_row][vc_row][vc_column][vc_custom_heading text=&#8221;Nossas Certifica\u00e7\u00f5es&#8221; font_container=&#8221;tag:h2|font_size:2.2em|text_align:center|line_height:1.6&#8243; use_theme_fonts=&#8221;yes&#8221; font_weight=&#8221;700&#8243; skin=&#8221;secondary&#8221; animation_delay=&#8221;200&#8243; el_class=&#8221;mb-3&#8243; animation_type=&#8221;fadeInUp&#8221;][vc_images_carousel images=&#8221;1108,1104,1107,1105,1103,1106,1109,1110&#8243; img_size=&#8221;full&#8221; slides_per_view=&#8221;4&#8243; autoplay=&#8221;yes&#8221; hide_pagination_control=&#8221;yes&#8221; wrap=&#8221;yes&#8221;][\/vc_column][\/vc_row]<\/p>\n","protected":false},"excerpt":{"rendered":"<p>[vc_row content_placement=&#8221;middle&#8221; wrap_container=&#8221;yes&#8221; css=&#8221;.vc_custom_1608665928688{padding-top: 50px !important;}&#8221; el_class=&#8221;align-items-center&#8221;][vc_column el_class=&#8221;mb-5 mb-lg-4&#8243; offset=&#8221;vc_col-lg-5 vc_col-md-5&#8243;][vc_separator color=&#8221;custom&#8221; border_width=&#8221;3&#8243; css_animation=&#8221;slideInLeft&#8221; style=&#8221;solid&#8221; el_class=&#8221;custom-border customLineAnimation d-inline-block mr-3 mb-1&#8243; accent_color=&#8221;#00a1cd&#8221;][vc_custom_heading text=&#8221;Sobre n\u00f3s&#8221; font_container=&#8221;tag:h4|font_size:1.2em|text_align:left|color:%2300a1cd|line_height:1.3&#8243; use_theme_fonts=&#8221;yes&#8221; text_transform=&#8221;text-uppercase&#8221; font_weight=&#8221;600&#8243; animation_delay=&#8221;1000&#8243; el_class=&#8221;mb-2 d-inline-block&#8221; animation_type=&#8221;fadeInLeft&#8221;][vc_custom_heading text=&#8221;Conhe\u00e7a melhor aProgresso Sa\u00fade Ambiental&#8221; font_container=&#8221;tag:h3|font_size:2.75em|text_align:left|color:%2300a1cd|line_height:1.2&#8243; use_theme_fonts=&#8221;yes&#8221; font_weight=&#8221;700&#8243; skin=&#8221;secondary&#8221; letter_spacing=&#8221;-.05em&#8221; animation_delay=&#8221;1200&#8243; el_class=&#8221;custom-heading1 mb-4&#8243; animation_type=&#8221;fadeInUp&#8221;][vc_custom_heading text=&#8221;A Progresso Sa\u00fade Ambiental surgiu em 2020 com o prop\u00f3sito [&hellip;]<\/p>\n","protected":false},"author":1,"featured_media":0,"parent":0,"menu_order":0,"comment_status":"closed","ping_status":"closed","template":"","meta":{"om_disable_all_campaigns":false,"_monsterinsights_skip_tracking":false,"_monsterinsights_sitenote_active":false,"_monsterinsights_sitenote_note":"","_monsterinsights_sitenote_category":0,"footnotes":""},"class_list":["post-506","page","type-page","status-publish","hentry"],"aioseo_notices":[],"_links":{"self":[{"href":"https:\/\/progressosaudeambientalse.com.br\/index.php?rest_route=\/wp\/v2\/pages\/506"}],"collection":[{"href":"https:\/\/progressosaudeambientalse.com.br\/index.php?rest_route=\/wp\/v2\/pages"}],"about":[{"href":"https:\/\/progressosaudeambientalse.com.br\/index.php?rest_route=\/wp\/v2\/types\/page"}],"author":[{"embeddable":true,"href":"https:\/\/progressosaudeambientalse.com.br\/index.php?rest_route=\/wp\/v2\/users\/1"}],"replies":[{"embeddable":true,"href":"https:\/\/progressosaudeambientalse.com.br\/index.php?rest_route=%2Fwp%2Fv2%2Fcomments&post=506"}],"version-history":[{"count":32,"href":"https:\/\/progressosaudeambientalse.com.br\/index.php?rest_route=\/wp\/v2\/pages\/506\/revisions"}],"predecessor-version":[{"id":1201,"href":"https:\/\/progressosaudeambientalse.com.br\/index.php?rest_route=\/wp\/v2\/pages\/506\/revisions\/1201"}],"wp:attachment":[{"href":"https:\/\/progressosaudeambientalse.com.br\/index.php?rest_route=%2Fwp%2Fv2%2Fmedia&parent=506"}],"curies":[{"name":"wp","href":"https:\/\/api.w.org\/{rel}","templated":true}]}}